 15) to base 6
0
What is -a6 (base 16) in base 6?
-434
What is 119 (base 12) in base 9?
203
Convert -2 (base 3) to base 8.
-2
Convert -14 (base 16) to base 13.
-17
3 (base 16) to base 13
3
Convert -1415 (base 6) to base 13.
-227
Convert -12 (base 6) to base 8.
-10
Convert 49 (base 10) to base 7.
100
What is 0 (base 5) in base 3?
0
Convert -1 (base 10) to base 8.
-1
-44 (base 13) to base 11
-51
Convert 24 (base 10) to base 3.
220
Convert d (base 16) to base 7.
16
69 (base 16) to base 8
151
Convert 16 (base 11) to base 14.
13
20222 (base 3) to base 13
116
-21 (base 3) to base 15
-7
Convert -20 (base 8) to base 3.
-121
Convert 2 (base 4) to base 11.
2
-2 (base 9) to base 4
-2
What is -10 (base 15) in base 9?
-16
-6 (base 10) to base 6
-10
2 (base 3) to base 9
2
-3 (base 9) to base 16
-3
Convert 6 (base 9) to base 11.
6
Convert -11 (base 7) to base 12.
-8
What is -30 (base 4) in base 14?
-c
Convert -30 (base 11) to base 2.
-100001
-1121 (base 3) to base 10
-43
-229 (base 12) to base 2
-101000001
31 (base 6) to base 4
103
-8 (base 15) to base 13
-8
-232 (base 4) to base 15
-31
What is -100101 (base 2) in base 9?
-41
What is -1 (base 7) in base 12?
-1
What is -8d (base 14) in base 16?
-7d
Convert -13 (base 5) to base 16.
-8
Convert 1 (base 14) to base 9.
1
What is 2 (base 11) in base 9?
2
Convert 6 (base 11) to base 8.
6
4 (base 8) to base 9
4
2 (base 15) to base 12
2
Convert -26 (base 12) to base 13.
-24
What is 153 (base 8) in base 9?
128
What is 1 (base 16) in base 5?
1
What is -6 (base 16) in base 6?
-10
11 (base 7) to base 8
10
What is 3 (base 11) in base 7?
3
Convert 42 (base 9) to base 8.
46
3 (base 12) to base 15
3
What is -4 (base 13) in base 2?
-100
Convert 10111 (base 4) to base 10.
277
3 (base 4) to base 3
10
Convert 10 (base 4) to base 7.
4
52 (base 8) to base 10
42
11101 (base 2) to base 10
29
Convert 51 (base 6) to base 8.
37
Convert -167 (base 8) to base 2.
-1110111
What is 0 (base 4) in base 14?
0
What is 30 (base 7) in base 4?
111
Convert 10 (base 15) to base 12.
13
Convert -9 (base 15) to base 2.
-1001
Convert -361 (base 8) to base 12.
-181
1a (base 14) to base 10
24
What is 111011 (base 3) in base 11?
2a3
-2120 (base 3) to base 12
-59
What is -2 (base 8) in base 5?
-2
What is 3 (base 7) in base 9?
3
What is -14 (base 16) in base 10?
-20
Convert -220 (base 8) to base 4.
-2100
1 (base 16) to base 9
1
-102 (base 4) to base 5
-33
What is b0 (base 16) in base 6?
452
2 (base 6) to base 11
2
23 (base 4) to base 5
21
What is -6 (base 11) in base 5?
-11
Convert -367 (base 8) to base 15.
-117
Convert 13 (base 7) to base 12.
a
What is 354 (base 9) in base 10?
292
2 (base 3) to base 13
2
What is -1 (base 15) in base 8?
-1
2 (base 6) to base 7
2
What is 33 (base 4) in base 9?
16
What is 1 (base 14) in base 13?
1
c (base 16) to base 12
10
Convert -4 (base 13) to base 14.
-4
10 (base 9) to base 14
9
Convert -2 (base 7) to base 6.
-2
What is -146 (base 9) in base 14?
-8b
What is -8 (base 10) in base 8?
-10
What is -5 (base 15) in base 12?
-5
Convert 1022 (base 5) to base 14.
9b
What is -4 (base 7) in base 8?
-4
1 (base 13) to base 6
1
2 (base 15) to base 11
2
Convert 200 (base 3) to base 13.
15
-88 (base 15) to base 7
-242
Convert 3233 (base 4) to base 14.
131
What is 1 (base 9) in base 10?
1
Convert -2 (base 6) to base 7.
-2
-145 (base 11) to base 15
-b5
What is 2 (base 14) in base 4?
2
101 (base 2) to base 13
5
0 (base 2) to base 14
0
What is -11 (base 2) in base 13?
-3
Convert 0 (base 16) to base 2.
0
Convert 77 (base 16) to base 7.
230
-4 (base 15) to base 10
-4
Convert 3 (base 14) to base 6.
3
Convert 43 (base 7) to base 11.
29
What is -11 (base 10) in base 13?
-b
What is 42 (base 5) in base 7?
31
Convert -66 (base 12) to base 16.
-4e
What is -51 (base 7) in base 5?
-121
What is 31 (base 7) in base 8?
26
-2 (base 7) to base 12
-2
2 (base 5) to base 12
2
Convert -95 (base 10) to base 15.
-65
-2 (base 9) to base 12
-2
What is 37 (base 8) in base 4?
133
14 (base 14) to base 16
12
What is 72 (base 9) in base 7?
122
Convert -10 (base 4) to base 16.
-4
Convert 1 (base 7) to base 16.
1
b (base 13) to base 2
1011
Convert -111000 (base 2) to base 7.
-110
What is -176 (base 13) in base 16?
-10a
What is 71 (base 12) in base 9?
104
Convert -1c (base 16) to base 2.
-11100
Convert 10012 (base 3) to base 12.
72
What is 4 (base 11) in base 8?
4
Convert -1011 (base 3) to base 15.
-21
Convert 11 (base 2) to base 6.
3
Convert 4 (base 6) to base 12.
4
Convert 1212 (base 3) to base 7.
101
Convert 0 (base 11) to base 15.
0
What is 11 (base 8) in base 16?
9
11010 (base 2) to base 12
22
b (base 14) to base 15
b
Convert 10a (base 12) to base 6.
414
-3 (base 4) to base 6
-3
What is 4 (base 11) in base 5?
4
What is -13 (base 8) in base 10?
-11
Convert -15 (base 6) to base 2.
-1011
14 (base 16) to base 6
32
What is 25 (base 10) in base 15?
1a
27 (base 14) to base 8
43
What is 22 (base 6) in base 11?
13
-2 (base 16) to base 4
-2
What is 1 (base 2) in base 3?
1
What is -32 (base 4) in base 8?
-16
-124 (base 5) to base 8
-47
Convert 260 (base 9) to base 4.
3120
What is 0 (base 11) in base 5?
0
What is 5 (base 8) in base 13?
5
Convert -5 (base 10) to base 14.
-5
Convert 2 (base 4) to base 9.
2
Convert 2 (base 3) to base 7.
2
Convert -1 (base 8) to base 16.
-1
Convert 1 (base 4) to base 15.
1
-1221 (base 6) to base 12
-211
10 (base 5) to base 8
5
-2 (base 14) to base 10
-2
Convert -b9 (base 15) to base 13.
-105
What is a2 (base 13) in base 10?
132
What is -106 (base 7) in base 5?
-210
-324 (base 11) to base 2
-110000101
What is -2 (base 5) in base 9?
-2
Convert -1bd (base 14) to base 12.
-263
What is 55 (base 7) in base 3?
1111
What is 2212 (base 4) in base 5?
1131
Convert 121 (base 3) to base 14.
12
Convert -4 (base 7) to base 6.
-4
What is -12 (base 15) in base 16?
-11
Convert 11 (base 5) to base 8.
6
Convert -7 (base 8) to base 5.
-12
0 (base 9) to base 15
0
Convert 1 (base 9) to base 2.
1
What is 20 (base 12) in base 2?
11000
Convert 10 (base 2) to base 4.
2
Convert 1c (base 14) to base 4.
122
Convert -6 (base 8) to base 2.
-110
Convert 6 (base 10) to base 16.
6
-1 (base 10) to base 15
-1
Convert 2 (base 9) to base 14.
2
Convert -6 (base 9) to base 4.
-12
-44 (base 5) to base 2
-11000
Convert 5 (base 8) to base 15.
5
What is -5 (base 15) in base 10?
-5
34 (base 7) to base 14
1b
Convert -10 (base 3) to base 14.
-3
Convert 10 (base 4) to base 3.
11
4 (base 10) to base 8
4
-78 (base 12) to base 7
-161
Convert -4a (base 11) to base 10.
-54
What is -30 (base 9) in base 4?
-123
What is -149 (base 10) in base 15?
-9e
Convert -63 (base 12) to base 11.
-69
What is -8 (base 15) in base 6?
-12
1321 (base 4) to base 13
94
-2 (base 13) to base 10
-2
Convert -1 (base 8) to base 16.
-1
What is 2030 (base 4) in base 2?
10001100
-21 (base 8) to base 15
-12
Convert 51 (base 7) to base 3.
1100
-41 (base 8) to base 15
-23
1433 (base 6) to base 13
234
What is -22222 (base 3) in base 6?
-1042
What is -15 (base 13) in base 7?
-24
-3 (base 13) to base 9
-3
12 (base 15) to base 8
21
b6 (base 16) to base 8
266
2 (base 15) to base 3
2
What is 1 (base 9) in base 12?
1
What is -20111 (base 3) in base 12?
-127
Convert 2 (base 9) to base 8.
2
10121 (base 3) to base 11
89
1 (base 2) to base 6
1
What is -4 (base 7) in base 15?
-4
Convert -10100101 (base 2) to base 12.
-119
What is -1 (base 7) in base 2?
-1
What is -72 (base 8) in base 11?
-53
111 (base 6) to base 15
2d
4 (base 5) to base 14
4
135 (base 7) to base 11
69
Convert -37 (base 10) to base 9.
-41
4 (base 8) to base 14
4
What is -2 (base 10) in base 15?
-2
What is -8e (base 16) in base 3?
-12021
Convert -4 (base 5) to base 2.
-100
Convert 50 (base 15) to base 12.
63
-b (base 13) to base 12
-b
-231 (base 4) to base 2
-101101
What is -236 (base 8) in base 16?
-9e
-112 (base 4) to base 10
-22
What is 3 (base 14) in base 9?
3
-41 (base 10) to base 9
-45
15 (base 16) to base 12
19
What is b (base 16) in base 9?
12
-11 (base 4) to base 12
-5
What is 4 (base 14) in base 3?
11
Convert -1c (base 15) to base 16.
-1b
What is -102 (base 13) in base 8?
-253
Convert -3 (base 5) to base 10.
-3
Convert 12 (base 7) to base 16.
9
2 (base 6) to base 13
2
-445 (base 6) to base 15
-b8
-11 (base 4) to base 14
-5
Convert 112 (base 6) to base 15.
2e
What is 30 (